s (1 - 25) + 8 + -11 - -7?
-20
33 + -30 - (-9 - -1)
11
-8 + (6 + 3 - 0 - (1 + -3))
3
-20 - (-3 + -5 - -7)
-19
Calculate (-5 + 9 + -13 - -19) + -8.
2
What is -7 + 6 + 0 + 54 + -50 + -11?
-8
What is -8 + -3 + 8 + -2?
-5
-27 + 5 + -16 + -3 + 12
-29
What is -18 - (-11 + -8 + 14)?
-13
-11 + (6 - ((10 - 17) + 2))
0
What is -27 + (34 - 7) + -16 - -1?
-15
What is (-20 + -5 - -16) + 13?
4
What is the value of (-15 - (21 + -6 + -6 + 2)) + 3?
-23
(-18 - (-10 - -5)) + (12 - 6) + -4
-11
Evaluate 20 + (7 + -13 + (-1 - 2) - -6).
17
What is (-2 - -13) + (0 - (17 + -11))?
5
Evaluate 9 - (-7 - (-11 + -13)).
-8
Evaluate -8 + -2 - -27 - 28.
-11
What is 8 - (-3 + 0 + (2 - 4))?
13
Calculate 3 + (18 - 11) - (13 - 9).
6
Evaluate -19 + (55 + 17 - 25).
28
(35 - 0) + (50 - 44) + (1 - 12)
30
(-4 - -22) + -34 - -22
6
Evaluate 1 - (4 + -7) - (-2 + 4 + 3).
-1
21 + -16 + 1 + -12 - 10
-16
Evaluate -4 + 49 + -629 + 562.
-22
Calculate 5 - (8 - 2) - (9 - -1).
-11
What is 9 + -38 + 16 - -8?
-5
What is the value of (2 - -1) + 26 + (19 - 34)?
14
What is -6 + 9 - 0 - -5?
8
What is the value of 28 + -6 + 6 + -14?
14
What is the value of -1 + 2 - (-37 - -42) - -3?
-1
What is 6 + (-30 - -25) + (-24 - -1)?
-22
What is the value of -4 + 3 + -6 + 28 + -18 - 1?
2
What is 33 - (-18 + -24 + 52)?
23
Evaluate (-7 - (3 + -5 + -1)) + 2 + 0.
-2
Calculate (1 - ((15 - 7) + -7)) + 0 + 2.
2
What is the value of (9 + -17 - -7) + (-2 - -6)?
3
What is the value of (-4 - -7 - (0 + -3)) + -10 + 0?
-4
What is (-17 - 2) + (52 - 39)?
-6
What is the value of 3 - (1 + 9) - ((9 - 3) + -11)?
-2
What is -11 + 0 + 2 + (-5 - 8 - -9)?
-13
What is -4 - (-1 - -4) - (2 + -2) - -18?
11
Evaluate -37 + 2 + 31 - 27.
-31
What is 4 + (5 - 12) - (0 - 7)?
4
-9 - (22 - (17 - -2))
-12
What is (7 - (-14 + 11)) + (1 - 2) + 0?
9
Calculate 60 - 62 - (6 - (2 - 3)).
-9
-9 - (-27 - (-42 - -36))
12
(9 + 3 - 4) + (-67 - -52)
-7
(2 - 0) + (-13 - -13) + 0 + -5
-3
76 + -104 + 23 + -5
-10
Evaluate 16 + (-9 - 5) + -6 - 9.
-13
Calculate -5 + 0 + (-57 - -62) + -8.
-8
What is the value of -3 + 12 + -5 + -10 + 5?
-1
What is -1 + 7 - (10 - (-17 + (10 - 0)))?
-11
2 + (2 - -1) + -16 + 19
8
What is (-25 - -1) + (16 - (-7 - -10))?
-11
What is the value of 11 - 26 - (-16 - -11)?
-10
Evaluate (-20 - -4) + (7 - (10 + 13)).
-32
What is the value of (-9 - -13) + -21 + 13?
-4
Calculate -6 + (-2 - (5 + -16)) + (-26 - 2).
-25
What is the value of 2 - ((5 - 1) + -18 + 14 - -1)?
1
What is -9 + 17 + -2 + -19?
-13
19 - (30 + 11) - -19
-3
What is the value of -1 - ((-8 - -5 - 4 - 9) + 6)?
9
Calculate 115 + -111 + (3 - 1) + 9.
15
Calculate -4 + 16 + -19 - 1.
-8
Evaluate 22 + (-2 - 13 - -17).
24
-1 - -5 - (0 + 8 + 15 + -19)
0
What is 0 - 18 - -14 - (-2 - -12)?
-14
-78 + 54 + 5 + 6
-13
What is 6 + 3 - (-23 - -21) - (-1 + 0)?
12
1 + 4 + -18 + 15 - -5
7
What is -2 + 10 + -24 + 20?
4
Evaluate (-63 + 26 - -24) + 36.
23
What is the value of -9 + (5 - -19) + -16?
-1
What is -7 - 1 - (-9 + 6) - (-28 - -32)?
-9
Evaluate -3 - -9 - (6 + (-4 - -10)).
-6
Calculate 39 - (-36 + (71 - -4)).
0
Evaluate 0 + -3 + (2 - -3) + 63 + -65.
0
What is the value of (-2 - 3) + (1 - 3 - (89 + -96))?
0
What is (-1 - -5) + (14 - (-13 - -20 - -21))?
-10
Evaluate -52 + 20 + 27 - 7.
-12
Calculate -33 + 66 + (24 - 39).
18
Calculate 1 + 3 + -1 - (-939 + 918).
24
Evaluate -4 + -1 - (-18 - (-2 + (3 - 11))).
3
-14 + 18 + (0 - 13)
-9
Calculate -34 + (-16 - -46) + (-20 - 2).
-26
What is the value of 16 + -8 + 5 + -5 + 6?
14
What is -10 + 2 + (5 - -4 - (35 + -34))?
0
What is the value of 5 - (2 + 4 + 2) - -10 - 2?
5
What is 39 + (-60 - -12) - (-1 - -3)?
-11
What is the value of 0 + 6 + 3 + -13 + 20?
16
10 - ((-7 - -2) + -1) - 3
13
What is the value of -4 + (-4 - 8 - (1 - 6) - -10)?
-1
7 + 8 + -6 + (2 - 5)
6
Calculate 5 + (11 - 20 - -7).
3
What is the value of -4 + -6 - (-19 - -8)?
1
(-9 - (-8 + 15 + -2)) + -4 - 1
-19
What is 8 - (49 - -1) - -46?
4
What is the value of (3 - (5 + 3)) + 13 + -3 + -9?
-4
What is (0 - 18) + (-317 - -334)?
-1
Calculate 4 - ((2 - 6 - 0 - 1) + 11).
-2
Calculate 0 + 6 - (21 + -46 - -45).
-14
What is 3 + -6 + -3 + 1 - 7?
-12
Evaluate 11 + (-1 + -1 + -6 - -5).
8
What is 4 - (-10 + -14 + 14)?
14
What is (-5 - -9) + (-13 - -3 - -2) - -15?
11
Calculate (51 + -15 - 26) + 12 + -1.
21
What is the value of 17 + -21 - (-2 - -2) - (-14 - -5)?
5
Evaluate 14 - 23 - (4 - (-3 - -26 - 1)).
9
What is (-1 - 13) + 479 + -472?
-7
What is the value of 13 + -1 - (12 - 4) - (0 - -22)?
-18
Evaluate 21 + 18 + -33 + -15 + -2.
-11
Calculate (12 - (-3 - -16)) + -9.
-10
Evaluate 6 - (1 - 2) - (4 - 5 - 0).
8
Evaluate 0 + -5 + 1 + -255 + 246.
-13
Evaluate (298 - 280) + (1 - 33).
-14
What is ((-6 - -11) + -13 - -3) + (-8 - -2)?
-11
Calculate (2 - -2 - (-124 - -116)) + -12.
0
-54 - -42 - (2 + -3 + 0)
-11
Calculate 0 + 3 + -14 - -3.
-8
Calculate 22 - (8 + 9 + 7).
-2
Evaluate (-123 + 118 - (0 - (13 + -2))) + -7.
-1
Evaluate (7 - 16) + (47 - 32).
6
What is 3 + -8 + (27 - 14)?
8
What is the value of 0 + 13 + 0 - (3 + 8 + -6)?
8
What is the value of -32 + 22 - 10 - -21?
1
What is -2 - (11 - (-11 + 7)) - -1?
-16
What is the value of -30 - (-25 - -11) - -16 - 17?
-17
What is -27 - ((-8 - -15) + 3 + -13)?
-24
Evaluate 207 + -206 - (-21 + -2 + (-2 - -4)).
22
What is 25 + -1 + (-55 - -12)?
-19
What is (1 - 14) + (-98 - -111)?
0
What is the value of -2026 + 2038 + (-1 - 23)?
-12
Calculate 0 + -7 + 17 + 4 + (2 - 8).
8
What is 3 + (6 - (-7 - -16)) + 11?
11
Calculate 24 - (35 + (31 - 23)).
-19
What is the value of 11 - (-4 + (22 - 26))?
19
Evaluate 25 - (-8 - (-22 + -8 + 14)).
17
What is the value of 7 + -4 + 10 + 18 + -19 + -10?
2
What is the value of (-22 + 3 + 10 - -27) + -8?
10
Evaluate 1 + 15 + (10 - 2) + 3 + -8.
19
Calculate 4 + (-6 - (-4 - (-9 - 11))).
-18
What is (-6 - (-17 + 29)) + 7?
-11
What is the value of -2 + (2 - -5) - (23 - 23 - 9)?
14
What is the value of 4 + (2 - 5) - -9 - (141 - 139)?
8
What is 23 + -6 + -9 + -16 + 3?
-5
Evaluate (2 - (-6 + (7 - -3))) + -1.
-3
Evaluate -9 + (-3 - (12 - 10)).
-14
Calculate -9 - (-19 - -5 - 4 - 0).
9
What is the value of -31 + 18 - ((25 - 22) + -11 + 1)?
-6
What is the value of 16 + (0 - (-2 + 6) - (2 - 5))?
15
What is the value of 3 + 5 + 4 + 9 - (-1 - 1)?
23
What is (-2 - (-3 - -1)) + -9 + 14 - -2?
7
81 + -69 - ((-1 - -10) + -2)
5
What is the value of (-42 + 35 - (11 + -1)) + 12?
-5
What is -6 + 2 - (-3 - -17) - -5?
-13
2 - -3 - (-5 - -9) - (-3 - 0)
4
What is the value of (6 - (10 + -6)) + 1 + -4 + 8?
7
Evaluate (-91 - -84) + (3 - 10).
-14
(-17 - -10) + (16 - 0)
9
Evaluate (-66 - -52 - (-20 + -4)) + 8.
18
What is 0 + 10 + (-13 + 0 - -7) + 14?
18
156 - 138 - (-5 + 43)
-20
Calculate (-3 - -4 - -2) + (8 + -13 - 0).
-2
Evaluate -9 - -13 - (8 - -4).
-8
Calculate -7 - ((-10 - -9) + -4 + (-5 - -5)).
-2
-16 - -22 - (2 - 1)
5
Calculate (54 - 59) + (-4 - 7) + 2 + 1.
-13
Evaluate (-7 - 4 - -20 - 10) + -3.
-4
-10 + (-12 - -30) - 4 - -11
15
Evaluate -36 + (14 - (2 - 12)).
-12
5 + (2 - (4 - 5))
8
Evaluate -32 + 10 - (14 + -7 + (2 - -1)).
-32
1 + -9 + 3 + -3 - (-41 - -53)
-20
Calculate 5 - ((-26 - -16) + 9).
6
What is 7 + 1 + -3 - (42 + -29)?
-8
Calculate (1 - 1 - (16 + -17)) + -3 - -9.
7
6 + -2 + -1 + 4 + 1
8
Calculate -2 - (9 + (-19 - (3 - 9))).
2
Evaluate -15 - (26 + -16) - -7.
-18
What is the value of 2 + (1 - 25 - 1 - (42 + -48))?
-17
What is the value of (-19 + 10 + 24 - (0 - -6)) + -5?
4
-7 + 0 - (9 - (-4 - -3) - 6)
-11
What is the value of 15 + (2 + -13 + 3 - -3)?
10
Evaluate 9 - (-5 + 5 + 10).
-1
What is 4 + (-8 - 13) + 7 + 9 + -2?
-3
Calculate -1 + -13 + (80 - 61).
5
-35 - -25 - (-1 + -10) - (15 + 0)
-14
44 - (41 + -8 + 42)
-31
(-5 - -41 - 1 - 9) + -12
14
What is 1 + 20 + -13 + 4 + 0 + -7?
5
What is the value of -8 + -2 + 25 + -35?
-20
What is 33 - (-2 - 38 - -53)?
20
Evaluate -2 - (-13 + 0) - (-39 + 36).
14
What is -18 - -55 - 33 - -26?
30
Calculate -6 + (-3 - (-8 - -1)) + (0 - -5).
3
What is the value of (10 - 12 - -10) + (-1 + -1 - 8)?
-2
Calculate (12 - (-6 - -29)) + (-2 - -26).
13
What is -2 - -11 - (34 - (4 - -7))?
-14
Evaluate 0 + 0 + (11 - 12) + -11 + 2.
-10
Calculate 11 + (-28 - 2 - (-33 + 26)).
-12
Calculate 18 - (-20 + 21 + 10).
7
Evaluate -6 + 1 + (29 + 22 - 51) + 3.
-2
Calculate (12 - 18 - 7) + 4.
-9
Evaluate 13 + -30 + -11 + 59.
31
What is the value of -1 + -3 + (